ist the prime factors of 28163460.
2, 3, 5, 13, 36107
What are the prime factors of 134880780?
2, 3, 5, 2248013
List the prime factors of 336315204.
2, 3, 29, 61, 5281
List the prime factors of 249703730.
2, 5, 211, 118343
List the prime factors of 763264238.
2, 11, 19, 59, 30949
List the prime factors of 2527383475.
5, 101095339
List the prime factors of 233914486.
2, 13, 8996711
List the prime factors of 63045729.
3, 1021, 2287
List the prime factors of 9546189734.
2, 59, 80899913
What are the prime factors of 27438135?
3, 5, 1829209
List the prime factors of 15829675.
5, 633187
List the prime factors of 8717532570.
2, 3, 5, 61, 149, 10657
What are the prime factors of 306092696?
2, 7, 13, 420457
List the prime factors of 75008247.
3, 25002749
List the prime factors of 7991332.
2, 1997833
List the prime factors of 65102047.
1471, 44257
List the prime factors of 51919483.
7, 11, 29, 23251
What are the prime factors of 4896140905?
5, 29, 61, 553549
What are the prime factors of 375196883?
375196883
What are the prime factors of 302206588?
2, 3571, 21157
List the prime factors of 182610380.
2, 5, 9130519
What are the prime factors of 104782441?
17, 362569
What are the prime factors of 719796725?
5, 28791869
List the prime factors of 458128085.
5, 631, 145207
What are the prime factors of 807296171?
11, 29, 2530709
List the prime factors of 970173561.
3, 7, 17, 2717573
List the prime factors of 2519473637.
59, 269, 158747
List the prime factors of 107978862.
2, 3, 19, 947183
What are the prime factors of 315744444?
2, 3, 41, 213919
What are the prime factors of 331525061?
7, 4861, 9743
List the prime factors of 22432422.
2, 3, 419, 8923
What are the prime factors of 1561205383?
223, 311, 22511
List the prime factors of 271874601.
3, 30208289
What are the prime factors of 6245599048?
2, 13, 60053837
What are the prime factors of 77020132?
2, 7, 17, 161807
List the prime factors of 865004141.
29, 29827729
List the prime factors of 11734707.
3, 631, 6199
List the prime factors of 13291698.
2, 3, 7, 316469
What are the prime factors of 602201233?
37, 16275709
List the prime factors of 818761246.
2, 409380623
What are the prime factors of 126008628?
2, 3, 23, 456553
What are the prime factors of 250092621?
3, 271, 102539
List the prime factors of 2992106275.
5, 119684251
What are the prime factors of 547555633?
6367, 85999
List the prime factors of 27168040.
2, 5, 17, 39953
List the prime factors of 967003288.
2, 37, 797, 4099
List the prime factors of 145810465.
5, 19, 331, 4637
List the prime factors of 58215311.
7, 11, 756043
List the prime factors of 23846165.
5, 7, 211, 3229
List the prime factors of 142994776.
2, 271, 65957
What are the prime factors of 36786293?
53, 694081
What are the prime factors of 6357774815?
5, 7, 4861, 37369
List the prime factors of 16552812.
2, 3, 181, 7621
List the prime factors of 1977376513.
7, 29, 9740771
What are the prime factors of 99904581?
3, 7, 32363
What are the prime factors of 121047988?
2, 23, 109, 12071
What are the prime factors of 81346019?
2053, 39623
What are the prime factors of 429175046?
2, 214587523
What are the prime factors of 144351318?
2, 3, 17, 269, 5261
What are the prime factors of 24446970?
2, 3, 5, 61, 73
What are the prime factors of 242338567?
37, 1601, 4091
What are the prime factors of 920929109?
920929109
What are the prime factors of 21820894?
2, 17, 641791
List the prime factors of 30376150.
2, 5, 7, 59, 1471
What are the prime factors of 1154764877?
7, 41, 1627, 2473
What are the prime factors of 297141483?
3, 281, 352481
What are the prime factors of 50742468?
2, 3, 7, 201359
What are the prime factors of 12845992?
2, 43, 107, 349
List the prime factors of 15632215.
5, 31, 100853
List the prime factors of 948566206.
2, 7, 9679247
What are the prime factors of 36821353?
137, 397, 677
List the prime factors of 45310172.
2, 11327543
What are the prime factors of 1330137081?
3, 7, 13, 23, 241, 293
List the prime factors of 20960199.
3, 13, 23, 7789
What are the prime factors of 6653872989?
3, 739319221
List the prime factors of 340698687.
3, 7, 16223747
What are the prime factors of 63084938?
2, 7, 31, 137, 1061
What are the prime factors of 31346477?
29, 1080913
What are the prime factors of 2317363832?
2, 7, 31, 317, 4211
What are the prime factors of 35494327?
11, 863, 3739
List the prime factors of 2555852185.
5, 293, 1744609
List the prime factors of 50618209.
50618209
List the prime factors of 2191498824.
2, 3, 91312451
What are the prime factors of 357573688?
2, 44696711
What are the prime factors of 1351400172?
2, 3, 112616681
What are the prime factors of 882183273?
3, 541, 543551
List the prime factors of 220671455.
5, 6353, 6947
What are the prime factors of 16772357?
7, 107, 457
What are the prime factors of 80055584?
2, 7, 17, 21023
What are the prime factors of 507649581?
3, 19, 2968711
List the prime factors of 185936023.
7, 13, 29, 70457
List the prime factors of 368479200.
2, 3, 5, 153533
List the prime factors of 294230123.
11, 43, 622051
List the prime factors of 818573594.
2, 409286797
What are the prime factors of 377280969?
3, 13, 9673871
What are the prime factors of 98727359?
37, 2668307
What are the prime factors of 57119492?
2, 823, 17351
List the prime factors of 4933751019.
3, 3067, 536219
List the prime factors of 2085121494.
2, 3, 103, 374887
List the prime factors of 155365349.
59, 2633311
List the prime factors of 589391827.
467, 1262081
List the prime factors of 695352763.
7, 167, 594827
What are the prime factors of 686888801?
241, 2850161
List the prime factors of 89298150.
2, 3, 5, 89, 6689
List the prime factors of 7207333.
7, 61, 16879
What are the prime factors of 681676773?
3, 1879, 120929
What are the prime factors of 45447870?
2, 3, 5, 13, 116533
List the prime factors of 61792807.
17, 19, 113, 1693
List the prime factors of 2848344427.
15137, 188171
What are the prime factors of 100107172?
2, 11, 18803
What are the prime factors of 352235311?
3181, 110731
List the prime factors of 110395528.
2, 2617, 5273
What are the prime factors of 2157475279?
23, 93803273
List the prime factors of 34301488.
2, 13, 164911
What are the prime factors of 140407929?
3, 19, 821099
List the prime factors of 286469252.
2, 691, 103643
What are the prime factors of 1191499905?
3, 5, 79433327
List the prime factors of 1635296.
2, 13, 3931
List the prime factors of 5134379966.
2, 2567189983
What are the prime factors of 505137443?
73, 6919691
List the prime factors of 129835711.
10271, 12641
What are the prime factors of 1075363895?
5, 215072779
List the prime factors of 1099462175.
5, 7, 1471, 4271
What are the prime factors of 2279465?
5, 59, 7727
List the prime factors of 11248549.
13, 29, 29837
List the prime factors of 61885986.
2, 3, 641, 16091
List the prime factors of 178219587.
3, 7, 13, 29, 22511
List the prime factors of 2148378.
2, 3, 29, 12347
List the prime factors of 169918311.
3, 19, 2981023
What are the prime factors of 37510725?
3, 5, 7, 59, 173
List the prime factors of 1457987337.
3, 17, 3176443
List the prime factors of 116355625.
5, 83, 2243
What are the prime factors of 1171509743?
103, 409, 27809
List the prime factors of 134197278.
2, 3, 22366213
What are the prime factors of 356652061?
17, 20979533
List the prime factors of 220497791.
220497791
What are the prime factors of 218304885?
3, 5, 14553659
List the prime factors of 47028937.
79, 595303
List the prime factors of 79882870.
2, 5, 347, 23021
What are the prime factors of 277180584?
2, 3, 59, 61, 3209
What are the prime factors of 4194528055?
5, 23, 61, 149, 4013
List the prime factors of 17057085.
3, 5, 1137139
What are the prime factors of 220675463?
220675463
What are the prime factors of 29173718?
2, 7, 297691
What are the prime factors of 115872569?
115872569
List the prime factors of 68374413.
3, 7597157
List the prime factors of 121285871.
7, 17, 1019209
List the prime factors of 569810.
2, 5, 19, 2999
What are the prime factors of 9432855?
3, 5, 23291
List the prime factors of 1078555607.
1078555607
What are the prime factors of 4277655159?
3, 1425885053
What are the prime factors of 1425416786?
2, 37, 19262389
What are the prime factors of 47366789?
53, 67, 13339
What a